{"id":4652,"date":"2019-05-28T12:51:48","date_gmt":"2019-05-28T10:51:48","guid":{"rendered":"http:\/\/etrebien44.fr\/?page_id=4652"},"modified":"2020-11-09T19:49:31","modified_gmt":"2020-11-09T18:49:31","slug":"stages","status":"publish","type":"page","link":"https:\/\/etrebien44.fr\/index.php\/stages\/","title":{"rendered":"Stage Eco-Sant\u00e9"},"content":{"rendered":"<div class=\"wpb-content-wrapper\"><p>[vc_row][vc_column][vc_empty_space height=\u00a0\u00bb64px\u00a0\u00bb][vc_column_text]<\/p>\n<p style=\"text-align: center;\">Le Domaine Eco-Sant\u00e9 de Saint-F\u00e9lix vous propose des <strong>week-ends <\/strong>et des <strong>s\u00e9jours de ressourcement.<\/strong><\/p>\n<p style=\"text-align: center;\"><strong>Situ\u00e9<\/strong> en Loire-Atlantique, aux portes du Parc de la Bri\u00e8re et \u00e0 30 min des premi\u00e8res plages, le domaine est en pleine nature.<\/p>\n<p style=\"text-align: center;\">\u00a0L\u2019objectif de ces s\u00e9jours est d\u2019offrir un moment de calme et de d\u00e9paysement, de faire une pause dans\u00a0votre\u00a0quotidien.<\/p>\n<p style=\"text-align: center;\">A travers des ateliers propos\u00e9 par diff\u00e9rents praticiens\u00a0: professeurs de yoga, de m\u00e9ditation, de qi gong, naturopathe, sophrologue, acupuncteur, chiropracteur les stages permettent de progresser dans votre\u00a0d\u00e9marche de <strong>d\u00e9veloppement du bien \u00eatre et de la sant\u00e9.<\/strong><\/p>\n<p>[\/vc_column_text][vc_empty_space height=\u00a0\u00bb64px\u00a0\u00bb][vc_single_image image=\u00a0\u00bb4791&Prime; img_size=\u00a0\u00bbmedium\u00a0\u00bb alignment=\u00a0\u00bbcenter\u00a0\u00bb onclick=\u00a0\u00bbcustom_link\u00a0\u00bb link=\u00a0\u00bbhttps:\/\/etrebien44.fr\/index.php\/stage-2020&Prime;][vc_column_text]<\/p>\n<p style=\"text-align: center;\"><strong>Le stage de ressourcement 2020<br \/>\n<\/strong><\/p>\n<p>[\/vc_column_text][\/vc_column][\/vc_row][vc_row][vc_column][vc_empty_space height=\u00a0\u00bb64px\u00a0\u00bb][vc_zigzag][vc_empty_space height=\u00a0\u00bb64px\u00a0\u00bb]<div class=\"mkdf-events-list mkdf-grid-row\">\n\t\t\t<p>Sorry, no posts matched your criteria.<\/p>\n\t<\/div>[vc_empty_space height=\u00a0\u00bb64px\u00a0\u00bb][\/vc_column][\/vc_row]<\/p>\n<\/div>","protected":false},"excerpt":{"rendered":"<p>[vc_row][vc_column][vc_empty_space height=\u00a0\u00bb64px\u00a0\u00bb][vc_column_text] Le Domaine Eco-Sant\u00e9 de Saint-F\u00e9lix vous propose des week-ends et des s\u00e9jours de ressourcement. Situ\u00e9 en Loire-Atlantique, aux portes du Parc de la Bri\u00e8re et \u00e0 30 min des premi\u00e8res&#8230;<\/p>\n","protected":false},"author":1,"featured_media":0,"parent":0,"menu_order":0,"comment_status":"closed","ping_status":"closed","template":"","meta":{"footnotes":""},"class_list":["post-4652","page","type-page","status-publish","hentry"],"_links":{"self":[{"href":"https:\/\/etrebien44.fr\/index.php\/wp-json\/wp\/v2\/pages\/4652","targetHints":{"allow":["GET"]}}],"collection":[{"href":"https:\/\/etrebien44.fr\/index.php\/wp-json\/wp\/v2\/pages"}],"about":[{"href":"https:\/\/etrebien44.fr\/index.php\/wp-json\/wp\/v2\/types\/page"}],"author":[{"embeddable":true,"href":"https:\/\/etrebien44.fr\/index.php\/wp-json\/wp\/v2\/users\/1"}],"replies":[{"embeddable":true,"href":"https:\/\/etrebien44.fr\/index.php\/wp-json\/wp\/v2\/comments?post=4652"}],"version-history":[{"count":14,"href":"https:\/\/etrebien44.fr\/index.php\/wp-json\/wp\/v2\/pages\/4652\/revisions"}],"predecessor-version":[{"id":4798,"href":"https:\/\/etrebien44.fr\/index.php\/wp-json\/wp\/v2\/pages\/4652\/revisions\/4798"}],"wp:attachment":[{"href":"https:\/\/etrebien44.fr\/index.php\/wp-json\/wp\/v2\/media?parent=4652"}],"curies":[{"name":"wp","href":"https:\/\/api.w.org\/{rel}","templated":true}]}}