{"id":605,"date":"2016-01-22T15:22:37","date_gmt":"2016-01-22T15:22:37","guid":{"rendered":"http:\/\/wellspring.mikado-themes.com\/?page_id=605"},"modified":"2019-08-04T18:23:33","modified_gmt":"2019-08-04T16:23:33","slug":"blog-standard-whole-post","status":"publish","type":"page","link":"https:\/\/etrebien44.fr\/index.php\/blog-standard-whole-post\/","title":{"rendered":"Blog Standard Whole Post"},"content":{"rendered":"<div class=\"wpb-content-wrapper\"><p>[vc_row css=\u00a0\u00bb.vc_custom_1454333517380{padding-bottom: 64px !important;}\u00a0\u00bb][vc_column]<div class=\"mkdf-blog-slider-holder\">\n\t\t\t\t\t\t<div class=\"mkdf-blog-slider-item\">\n\t\t\t\t<div class=\"mkdf-bs-item-image-holder\">\n\t\t\t\t\t\t\t\t\t\t<div class=\"mkdf-bs-item-content\">\n\t\t\t\t\t\t<div class=\"mkdf-bs-item-date\">\n\t\t\t\t\t\t\t<span>27 janvier 2020<\/span>\n\t\t\t\t\t\t<\/div>\n\t\t\t\t\t\t<div class=\"mkdf-bs-item-text\">\n\t\t\t\t\t\t\t<h2 class=\"mkdf-bs-item-title\"><a href=\"https:\/\/etrebien44.fr\/index.php\/2020\/01\/27\/la-chiropraxie-en-video\/\">La chiropraxie en vid\u00e9o<\/a><\/h2>\n\t\t\t\t\t\t\t\t\t\t\t\t\t\t\t<p class=\"mkdf-bs-item-excerpt\"><\/p>\n\t\t\t\t\t\t\t\t\t\t\t\t\t<\/div>\n\t\t\t\t\t\t<div class=\"mkdf-bs-item-bottom-section\">\n\t\t\t\t\t\t\t<div class=\"mkdf-bs-item-author\">\n\t\t\t\t\t\t\t\t<a href=\"https:\/\/etrebien44.fr\/index.php\/author\/felhagar\/\">\n\t\t\t\t\t\t\t\t\t<span class=\"mkdf-post-item-author-avatar-holder\">\n\t\t\t\t\t\t\t\t\t\t<img alt='' src='https:\/\/secure.gravatar.com\/avatar\/69883abfd9f291060d4bc7aa80632d37?s=30&#038;d=mm&#038;r=g' class='avatar avatar-30 photo' height='30' width='30' \/>\t\t\t\t\t\t\t\t\t<\/span>\n\t\t\t\t\t\t\t\t\t<span class=\"mkdf-post-item-author-name\">\n\t\t\t\t\t\t\t\t\t\tFanny EL HAGAR\t\t\t\t\t\t\t\t\t<\/span>\n\t\t\t\t\t\t\t\t<\/a>\n\t\t\t\t\t\t\t<\/div>\n\t\t\t\t\t\t\t<div class=\"mkdf-bs-item-categories\">\n\t\t\t\t\t\t\t\t<span aria-hidden=\"true\" class=\"mkdf-icon-font-elegant icon_tags \" ><\/span>\t\t\t\t\t\t\t\t<a href=\"https:\/\/etrebien44.fr\/index.php\/category\/sante\/\" rel=\"category tag\">Sant\u00e9<\/a>\t\t\t\t\t\t\t<\/div>\n\t\t\t\t\t\t<\/div>\n\t\t\t\t\t<\/div>\n\t\t\t\t<\/div>\n\t\t\t<\/div>\n\t\t\t\t\t<div class=\"mkdf-blog-slider-item\">\n\t\t\t\t<div class=\"mkdf-bs-item-image-holder\">\n\t\t\t\t\t\t\t\t\t\t<div class=\"mkdf-bs-item-content\">\n\t\t\t\t\t\t<div class=\"mkdf-bs-item-date\">\n\t\t\t\t\t\t\t<span>29 septembre 2017<\/span>\n\t\t\t\t\t\t<\/div>\n\t\t\t\t\t\t<div class=\"mkdf-bs-item-text\">\n\t\t\t\t\t\t\t<h2 class=\"mkdf-bs-item-title\"><a href=\"https:\/\/etrebien44.fr\/index.php\/2017\/09\/29\/conference-bien-etre-et-equilibre\/\">Conf\u00e9rence Bien-\u00eatre et \u00e9quilibre<\/a><\/h2>\n\t\t\t\t\t\t\t\t\t\t\t\t\t\t\t<p class=\"mkdf-bs-item-excerpt\">Retrouvez les derni\u00e8res actualit\u00e9s concernant ma derni\u00e8re conf\u00e9rence que le Bien-\u00eatre et l&rsquo;\u00e9quilibre ainsi que mes conseils pour \u00e9viter l<\/p>\n\t\t\t\t\t\t\t\t\t\t\t\t\t<\/div>\n\t\t\t\t\t\t<div class=\"mkdf-bs-item-bottom-section\">\n\t\t\t\t\t\t\t<div class=\"mkdf-bs-item-author\">\n\t\t\t\t\t\t\t\t<a href=\"https:\/\/etrebien44.fr\/index.php\/author\/felhagar\/\">\n\t\t\t\t\t\t\t\t\t<span class=\"mkdf-post-item-author-avatar-holder\">\n\t\t\t\t\t\t\t\t\t\t<img alt='' src='https:\/\/secure.gravatar.com\/avatar\/69883abfd9f291060d4bc7aa80632d37?s=30&#038;d=mm&#038;r=g' class='avatar avatar-30 photo' height='30' width='30' \/>\t\t\t\t\t\t\t\t\t<\/span>\n\t\t\t\t\t\t\t\t\t<span class=\"mkdf-post-item-author-name\">\n\t\t\t\t\t\t\t\t\t\tFanny EL HAGAR\t\t\t\t\t\t\t\t\t<\/span>\n\t\t\t\t\t\t\t\t<\/a>\n\t\t\t\t\t\t\t<\/div>\n\t\t\t\t\t\t\t<div class=\"mkdf-bs-item-categories\">\n\t\t\t\t\t\t\t\t<span aria-hidden=\"true\" class=\"mkdf-icon-font-elegant icon_tags \" ><\/span>\t\t\t\t\t\t\t\t<a href=\"https:\/\/etrebien44.fr\/index.php\/category\/conference\/\" rel=\"category tag\">Conf\u00e9rence<\/a>\t\t\t\t\t\t\t<\/div>\n\t\t\t\t\t\t<\/div>\n\t\t\t\t\t<\/div>\n\t\t\t\t<\/div>\n\t\t\t<\/div>\n\t\t\t\t\t<div class=\"mkdf-blog-slider-item\">\n\t\t\t\t<div class=\"mkdf-bs-item-image-holder\">\n\t\t\t\t\t\t\t\t\t\t<div class=\"mkdf-bs-item-content\">\n\t\t\t\t\t\t<div class=\"mkdf-bs-item-date\">\n\t\t\t\t\t\t\t<span>28 septembre 2017<\/span>\n\t\t\t\t\t\t<\/div>\n\t\t\t\t\t\t<div class=\"mkdf-bs-item-text\">\n\t\t\t\t\t\t\t<h2 class=\"mkdf-bs-item-title\"><a href=\"https:\/\/etrebien44.fr\/index.php\/2017\/09\/28\/les-confsante\/\">Les Conf&rsquo;Sant\u00e9<\/a><\/h2>\n\t\t\t\t\t\t\t\t\t\t\t\t\t\t\t<p class=\"mkdf-bs-item-excerpt\"><\/p>\n\t\t\t\t\t\t\t\t\t\t\t\t\t<\/div>\n\t\t\t\t\t\t<div class=\"mkdf-bs-item-bottom-section\">\n\t\t\t\t\t\t\t<div class=\"mkdf-bs-item-author\">\n\t\t\t\t\t\t\t\t<a href=\"https:\/\/etrebien44.fr\/index.php\/author\/felhagar\/\">\n\t\t\t\t\t\t\t\t\t<span class=\"mkdf-post-item-author-avatar-holder\">\n\t\t\t\t\t\t\t\t\t\t<img alt='' src='https:\/\/secure.gravatar.com\/avatar\/69883abfd9f291060d4bc7aa80632d37?s=30&#038;d=mm&#038;r=g' class='avatar avatar-30 photo' height='30' width='30' \/>\t\t\t\t\t\t\t\t\t<\/span>\n\t\t\t\t\t\t\t\t\t<span class=\"mkdf-post-item-author-name\">\n\t\t\t\t\t\t\t\t\t\tFanny EL HAGAR\t\t\t\t\t\t\t\t\t<\/span>\n\t\t\t\t\t\t\t\t<\/a>\n\t\t\t\t\t\t\t<\/div>\n\t\t\t\t\t\t\t<div class=\"mkdf-bs-item-categories\">\n\t\t\t\t\t\t\t\t<span aria-hidden=\"true\" class=\"mkdf-icon-font-elegant icon_tags \" ><\/span>\t\t\t\t\t\t\t\t<a href=\"https:\/\/etrebien44.fr\/index.php\/category\/conference\/\" rel=\"category tag\">Conf\u00e9rence<\/a>\t\t\t\t\t\t\t<\/div>\n\t\t\t\t\t\t<\/div>\n\t\t\t\t\t<\/div>\n\t\t\t\t<\/div>\n\t\t\t<\/div>\n\t\t\t\t\t<div class=\"mkdf-blog-slider-item\">\n\t\t\t\t<div class=\"mkdf-bs-item-image-holder\">\n\t\t\t\t\t\t\t\t\t\t<div class=\"mkdf-bs-item-content\">\n\t\t\t\t\t\t<div class=\"mkdf-bs-item-date\">\n\t\t\t\t\t\t\t<span>19 septembre 2017<\/span>\n\t\t\t\t\t\t<\/div>\n\t\t\t\t\t\t<div class=\"mkdf-bs-item-text\">\n\t\t\t\t\t\t\t<h2 class=\"mkdf-bs-item-title\"><a href=\"https:\/\/etrebien44.fr\/index.php\/2017\/09\/19\/les-mauvaises-postures\/\">Les mauvaises postures<\/a><\/h2>\n\t\t\t\t\t\t\t\t\t\t\t\t\t\t\t<p class=\"mkdf-bs-item-excerpt\">Les mauvaises postures au travail sont en grandes parties \u00e0 l&rsquo;origine des troubles musculo-squelettiques, autrement dit les douleurs articulair<\/p>\n\t\t\t\t\t\t\t\t\t\t\t\t\t<\/div>\n\t\t\t\t\t\t<div class=\"mkdf-bs-item-bottom-section\">\n\t\t\t\t\t\t\t<div class=\"mkdf-bs-item-author\">\n\t\t\t\t\t\t\t\t<a href=\"https:\/\/etrebien44.fr\/index.php\/author\/felhagar\/\">\n\t\t\t\t\t\t\t\t\t<span class=\"mkdf-post-item-author-avatar-holder\">\n\t\t\t\t\t\t\t\t\t\t<img alt='' src='https:\/\/secure.gravatar.com\/avatar\/69883abfd9f291060d4bc7aa80632d37?s=30&#038;d=mm&#038;r=g' class='avatar avatar-30 photo' height='30' width='30' \/>\t\t\t\t\t\t\t\t\t<\/span>\n\t\t\t\t\t\t\t\t\t<span class=\"mkdf-post-item-author-name\">\n\t\t\t\t\t\t\t\t\t\tFanny EL HAGAR\t\t\t\t\t\t\t\t\t<\/span>\n\t\t\t\t\t\t\t\t<\/a>\n\t\t\t\t\t\t\t<\/div>\n\t\t\t\t\t\t\t<div class=\"mkdf-bs-item-categories\">\n\t\t\t\t\t\t\t\t<span aria-hidden=\"true\" class=\"mkdf-icon-font-elegant icon_tags \" ><\/span>\t\t\t\t\t\t\t\t<a href=\"https:\/\/etrebien44.fr\/index.php\/category\/posture\/\" rel=\"category tag\">Posture<\/a>, <a href=\"https:\/\/etrebien44.fr\/index.php\/category\/sante\/\" rel=\"category tag\">Sant\u00e9<\/a>, <a href=\"https:\/\/etrebien44.fr\/index.php\/category\/travail\/\" rel=\"category tag\">Travail<\/a>\t\t\t\t\t\t\t<\/div>\n\t\t\t\t\t\t<\/div>\n\t\t\t\t\t<\/div>\n\t\t\t\t<\/div>\n\t\t\t<\/div>\n\t\t\t\t\t<div class=\"mkdf-blog-slider-item\">\n\t\t\t\t<div class=\"mkdf-bs-item-image-holder\">\n\t\t\t\t\t\t\t\t\t\t<div class=\"mkdf-bs-item-content\">\n\t\t\t\t\t\t<div class=\"mkdf-bs-item-date\">\n\t\t\t\t\t\t\t<span>7 septembre 2017<\/span>\n\t\t\t\t\t\t<\/div>\n\t\t\t\t\t\t<div class=\"mkdf-bs-item-text\">\n\t\t\t\t\t\t\t<h2 class=\"mkdf-bs-item-title\"><a href=\"https:\/\/etrebien44.fr\/index.php\/2017\/09\/07\/maison-sante-et-equilibre\/\">Maison sant\u00e9 et \u00e9quilibre<\/a><\/h2>\n\t\t\t\t\t\t\t\t\t\t\t\t\t\t\t<p class=\"mkdf-bs-item-excerpt\">Le cabinet chiropratique se trouve au sein de la maison sant\u00e9 et \u00e9quilibre, un centre pluridisciplinaire cr\u00e9\u00e9 par votre chiropracteur en juin 2017<\/p>\n\t\t\t\t\t\t\t\t\t\t\t\t\t<\/div>\n\t\t\t\t\t\t<div class=\"mkdf-bs-item-bottom-section\">\n\t\t\t\t\t\t\t<div class=\"mkdf-bs-item-author\">\n\t\t\t\t\t\t\t\t<a href=\"https:\/\/etrebien44.fr\/index.php\/author\/felhagar\/\">\n\t\t\t\t\t\t\t\t\t<span class=\"mkdf-post-item-author-avatar-holder\">\n\t\t\t\t\t\t\t\t\t\t<img alt='' src='https:\/\/secure.gravatar.com\/avatar\/69883abfd9f291060d4bc7aa80632d37?s=30&#038;d=mm&#038;r=g' class='avatar avatar-30 photo' height='30' width='30' \/>\t\t\t\t\t\t\t\t\t<\/span>\n\t\t\t\t\t\t\t\t\t<span class=\"mkdf-post-item-author-name\">\n\t\t\t\t\t\t\t\t\t\tFanny EL HAGAR\t\t\t\t\t\t\t\t\t<\/span>\n\t\t\t\t\t\t\t\t<\/a>\n\t\t\t\t\t\t\t<\/div>\n\t\t\t\t\t\t\t<div class=\"mkdf-bs-item-categories\">\n\t\t\t\t\t\t\t\t<span aria-hidden=\"true\" class=\"mkdf-icon-font-elegant icon_tags \" ><\/span>\t\t\t\t\t\t\t\t<a href=\"https:\/\/etrebien44.fr\/index.php\/category\/informations\/\" rel=\"category tag\">Informations<\/a>\t\t\t\t\t\t\t<\/div>\n\t\t\t\t\t\t<\/div>\n\t\t\t\t\t<\/div>\n\t\t\t\t<\/div>\n\t\t\t<\/div>\n\t\t\t\t\t<div class=\"mkdf-blog-slider-item\">\n\t\t\t\t<div class=\"mkdf-bs-item-image-holder\">\n\t\t\t\t\t\t\t\t\t\t<div class=\"mkdf-bs-item-content\">\n\t\t\t\t\t\t<div class=\"mkdf-bs-item-date\">\n\t\t\t\t\t\t\t<span>5 septembre 2017<\/span>\n\t\t\t\t\t\t<\/div>\n\t\t\t\t\t\t<div class=\"mkdf-bs-item-text\">\n\t\t\t\t\t\t\t<h2 class=\"mkdf-bs-item-title\"><a href=\"https:\/\/etrebien44.fr\/index.php\/2017\/09\/05\/les-grandes-idees-recues-sur-notre-dos\/\">Les grandes id\u00e9es re\u00e7ues sur n\u00f4tre dos<\/a><\/h2>\n\t\t\t\t\t\t\t\t\t\t\t\t\t\t\t<p class=\"mkdf-bs-item-excerpt\">Plus de 80% de la population Fran\u00e7aise souffre du dos et beaucoup d&rsquo;id\u00e9es re\u00e7ues circulent \u00e0 ce sujet, il est donc important d&rsquo;en fair<\/p>\n\t\t\t\t\t\t\t\t\t\t\t\t\t<\/div>\n\t\t\t\t\t\t<div class=\"mkdf-bs-item-bottom-section\">\n\t\t\t\t\t\t\t<div class=\"mkdf-bs-item-author\">\n\t\t\t\t\t\t\t\t<a href=\"https:\/\/etrebien44.fr\/index.php\/author\/felhagar\/\">\n\t\t\t\t\t\t\t\t\t<span class=\"mkdf-post-item-author-avatar-holder\">\n\t\t\t\t\t\t\t\t\t\t<img alt='' src='https:\/\/secure.gravatar.com\/avatar\/69883abfd9f291060d4bc7aa80632d37?s=30&#038;d=mm&#038;r=g' class='avatar avatar-30 photo' height='30' width='30' \/>\t\t\t\t\t\t\t\t\t<\/span>\n\t\t\t\t\t\t\t\t\t<span class=\"mkdf-post-item-author-name\">\n\t\t\t\t\t\t\t\t\t\tFanny EL HAGAR\t\t\t\t\t\t\t\t\t<\/span>\n\t\t\t\t\t\t\t\t<\/a>\n\t\t\t\t\t\t\t<\/div>\n\t\t\t\t\t\t\t<div class=\"mkdf-bs-item-categories\">\n\t\t\t\t\t\t\t\t<span aria-hidden=\"true\" class=\"mkdf-icon-font-elegant icon_tags \" ><\/span>\t\t\t\t\t\t\t\t<a href=\"https:\/\/etrebien44.fr\/index.php\/category\/sante\/\" rel=\"category tag\">Sant\u00e9<\/a>\t\t\t\t\t\t\t<\/div>\n\t\t\t\t\t\t<\/div>\n\t\t\t\t\t<\/div>\n\t\t\t\t<\/div>\n\t\t\t<\/div>\n\t\t\t\t\t<\/div>[\/vc_column][\/vc_row]<\/p>\n<\/div>","protected":false},"excerpt":{"rendered":"<p>[vc_row css=\u00a0\u00bb.vc_custom_1454333517380{padding-bottom: 64px !important;}\u00a0\u00bb][vc_column][\/vc_column][\/vc_row]<\/p>\n","protected":false},"author":1,"featured_media":0,"parent":0,"menu_order":0,"comment_status":"closed","ping_status":"closed","template":"blog-split-column.php","meta":{"footnotes":""},"class_list":["post-605","page","type-page","status-publish","hentry"],"_links":{"self":[{"href":"https:\/\/etrebien44.fr\/index.php\/wp-json\/wp\/v2\/pages\/605","targetHints":{"allow":["GET"]}}],"collection":[{"href":"https:\/\/etrebien44.fr\/index.php\/wp-json\/wp\/v2\/pages"}],"about":[{"href":"https:\/\/etrebien44.fr\/index.php\/wp-json\/wp\/v2\/types\/page"}],"author":[{"embeddable":true,"href":"https:\/\/etrebien44.fr\/index.php\/wp-json\/wp\/v2\/users\/1"}],"replies":[{"embeddable":true,"href":"https:\/\/etrebien44.fr\/index.php\/wp-json\/wp\/v2\/comments?post=605"}],"version-history":[{"count":3,"href":"https:\/\/etrebien44.fr\/index.php\/wp-json\/wp\/v2\/pages\/605\/revisions"}],"predecessor-version":[{"id":4710,"href":"https:\/\/etrebien44.fr\/index.php\/wp-json\/wp\/v2\/pages\/605\/revisions\/4710"}],"wp:attachment":[{"href":"https:\/\/etrebien44.fr\/index.php\/wp-json\/wp\/v2\/media?parent=605"}],"curies":[{"name":"wp","href":"https:\/\/api.w.org\/{rel}","templated":true}]}}